 d + 5. What is the units digit of a(2)?
9
Let d = -2 - -53. Suppose -5*b + d = -19. What is the tens digit of b?
1
Let d = -5 - -18. Suppose -g - d = -4*x, 3*x - x + 2*g = 4. Let a = 6 - x. What is the units digit of a?
3
What is the hundreds digit of 2010/9 - 2/(-3)?
2
What is the tens digit of 6*(1 + (-224)/(-12)) - 0?
1
Let o = 499 - 302. What is the tens digit of o?
9
Let c be -2*((2 - -1) + -4). Suppose 0 = -c*p + 6*p - 8, 2*i = -5*p + 52. What is the tens digit of i?
2
Suppose 2*w - t - 4 = w, -4*w + 5*t + 11 = 0. Suppose -w + 3 = -3*a. What is the units digit of a/5 - 46/(-10)?
5
Suppose -2*t + 74 = 3*h + 13, 65 = 5*h - 4*t. Let k = h + 36. What is the tens digit of k?
5
What is the tens digit of ((-69)/(-2))/(6/8)?
4
Let b(n) = -n**3 - 4*n**2 - 3*n - 2. Let j be b(-4). Let y = -6 + j. What is the units digit of (-18)/y*(-2)/3?
3
Suppose -5*f = -855 - 10. What is the units digit of f?
3
Let s = 37 + 9. What is the tens digit of (-3)/1 + s/2?
2
Suppose 4*h - 23 = -3. Suppose 0 = -h*f + 3*f + 90. What is the tens digit of f?
4
Suppose 0 = 2*q + 4*n + 7 + 5, n = -5. Suppose 0*b - q*b + 4 = 0. Suppose 0 = -a + 2 - b. What is the units digit of a?
1
Let f = 102 - 72. What is the tens digit of f?
3
Suppose 958 = 9*i + 301. What is the units digit of i?
3
Suppose -4 = -4*v - 0*v. Let q be v/(-3) + (-4)/(-12). Suppose -b + 4*a - 7 = 0, q = 5*a - 2 - 18. What is the units digit of b?
9
Suppose 0 = 4*u + 2*p - 30, -3*u = -4*p - 22 - 28. What is the tens digit of u?
1
Suppose 0 = 4*n - 3*n + 1. Let r(d) = 14*d. Let y be r(-1). What is the units digit of n/((y/(-12))/(-7))?
6
Suppose 4*c = -2*c + 246. What is the tens digit of c?
4
Let u(w) be the second derivative of -5*w**3/6 - 4*w**2 + 3*w. What is the units digit of u(-6)?
2
Suppose 0 = 5*o - 10*o + 15. Suppose -4*q = -o*t + 127, -t - 4*t = -4*q - 209. What is the units digit of t?
1
Let w(v) = -v**2 + v - 4. Let b be w(0). What is the units digit of 6/b*228/(-18)?
9
What is the tens digit of (8/(-12))/1*3 - -41?
3
Let i = 5 - -74. What is the tens digit of i?
7
Let a = -59 - -134. What is the tens digit of a?
7
Let y = 10 - 4. Let m(w) be the second derivative of w**4/12 - w**3 + 7*w**2/2 + 4*w. What is the units digit of m(y)?
7
Suppose 0*d - 4*d - 8 = 0. Suppose 0 = 3*i + 5*n - 8, -2*i - 3*i = -4*n - 1. What is the units digit of ((-25)/10)/(i/d)?
5
Let q = 20 - 19. What is the units digit of (q - -2) + -2 + 27?
8
Suppose 3*u - 2651 = -8*u. What is the tens digit of u?
4
Let i(h) = -h - 4. Let w(f) = 2*f + 9. Let s(b) = 9*i(b) + 4*w(b). Let y be s(-3). Suppose -7 = -2*c + y. What is the units digit of c?
5
Let u = 123 - 101. What is the tens digit of u?
2
Let k = 118 - -81. What is the hundreds digit of k?
1
Let t(l) = -9*l + 6. What is the units digit of t(-6)?
0
Suppose 0 = 6*r - 90 + 24. What is the units digit of r?
1
Let a = -4 + 6. Suppose 5*c = d - 37, 5*d + 26 = -a*c + 103. What is the units digit of d?
7
Let q(b) = -b**2 + 5*b + 2. Let y be q(6). What is the units digit of (-9)/(-2)*y/(-6)?
3
Let c = -14 + 12. What is the units digit of c/(-3) + 52/12?
5
Suppose -4*t = -3*t - 40. Suppose -3*q = -3*p + 42, -q = -2*p + 7*p - t. What is the units digit of p?
9
Suppose 2*o + f - 4 = 14, 0 = f. What is the tens digit of o + -10 - (-13)/1?
1
Let y(s) = -s**2 - 9*s + 8. Let j be y(6). Let d = j - -149. Suppose 4*w = 5*p - d, w - 3*w = -2*p + 28. What is the units digit of p?
1
Let b(g) = -g - 4. Let h be b(-7). Let k be 6/h + 8/(-2). Let s(r) = -r - 1. What is the units digit of s(k)?
1
Let p = -8 + 13. Suppose 2*b + 32 = 5*b + p*l, -l = -5*b + 16. What is the units digit of b/6 - 8/(-6)?
2
Let k = -23 + 55. Let s = -16 + k. What is the units digit of s?
6
Suppose 5*j - 16 = 3*x, -2*j = -5*x + 3*j - 10. Let u be (x/6 + -3)*-2. Suppose -59 = -4*q + 5*a, 0*q = 2*q - u*a - 37. What is the tens digit of q?
1
Suppose 2*u - 4*m = 6*u - 20, 5*u + 3*m - 19 = 0. What is the units digit of 8 + u - 15/(-5)?
3
Let g = -12 - -4. Let u(r) = -5*r - 9. What is the units digit of u(g)?
1
Let o(c) = c**3 - c**2 + c - 4. Let j be o(0). Let w = j - -6. What is the units digit of (-35)/(-4) - w/(-8)?
9
Let y(v) = -v**2 - 4*v + 7. Let r be y(-5). Suppose 0*a + r*a = -72. Let x = -26 - a. What is the tens digit of x?
1
Suppose 205 = 5*p + 4*n, 2*n = 4*p - 0*n - 138. What is the units digit of p?
7
Suppose -4*n + 0*m + 11 = m, 0 = 4*n - 4*m - 16. Suppose -d - 20 = -n*d - 4*t, -2*t + 58 = 4*d. What is the units digit of (27/(-12))/((-6)/d)?
6
Let d(t) = 3*t**3 - 2*t**3 + 5*t - 2 + 0*t**2 + 6*t**2 + 0*t**2. What is the units digit of d(-4)?
0
Let w(v) = -3*v + 2. Let k be w(-4). Suppose 0 = -0*y - 4*y - 8, j - 2*y - 17 = 0. Suppose 3*b - k = j. What is the units digit of b?
9
Let f = -3 - -12. What is the units digit of f?
9
Let c(d) = -15*d**3 - 2*d**2 + 11*d - 11. Let z(x) = -7*x**3 - x**2 + 5*x - 5. Let j(l) = 4*c(l) - 9*z(l). Let m = -3 + 4. What is the units digit of j(m)?
4
Suppose 3*d - k - 26 = 65, -k = -5*d + 155. Suppose -11 + d = 3*p. What is the units digit of p?
7
What is the units digit of 4/(-2*2/(-26))?
6
Suppose 3*h = -2*h + 75. What is the units digit of h?
5
What is the units digit of (90/27)/(2/21)?
5
Let y be -2 + 4 + -1 + 9. Let n = y + -5. Suppose 0 = b + 3*b + n*m - 53, -2*b = 4*m - 34. What is the units digit of b?
7
Let r(h) = 28*h**2 - h. Let k be r(1). Suppose v + 2 = 2*c - 6*c, 0 = -3*v - c + k. What is the tens digit of v?
1
Suppose -c - 325 + 66 = -s, 262 = s + 2*c. What is the hundreds digit of s?
2
Suppose -r + 6*r = 5. Let x(v) = 8*v**2 + v - 1. What is the units digit of x(r)?
8
Let y(b) = -1. Let c(f) = -f + 8. Let t(m) = c(m) + 5*y(m). Let v = 3 - 7. What is the units digit of t(v)?
7
What is the tens digit of ((-15)/(-4))/((-4)/(-16))?
1
What is the units digit of (2 - -128)/2 - 3?
2
What is the tens digit of 1/(2 - (-1)/139 - 2)?
3
Let v = 9 + -13. Let m(x) = x + 1. Let y be m(-4). What is the units digit of (-61)/v - y/4?
6
Let y(x) = -x**2 + 5*x + 16. Let v be y(8). Let c = v - -12. What is the units digit of c?
4
Let w(u) = u**3 - 2*u**2 + 1. Let r be w(2). Suppose p + r = -2*s, 2 + 17 = 4*s - 5*p. What is the units digit of s?
1
Suppose 0*f = 2*f + 8, 2*w - 2*f - 18 = 0. What is the units digit of w?
5
Let o = 22 + -18. Suppose q - 16 = -2*r + r, 2*r - o*q - 62 = 0. What is the units digit of r?
1
Suppose b = -2*b. Let y(i) = -i**2 - i. Let v(u) = -2*u**2 - 2*u + 2. Let h(o) = v(o) - 3*y(o). What is the units digit of h(b)?
2
What is the units digit of (537/4)/(36/48)?
9
Let j(q) = -q**3 + q**2 - 1. Let x be j(-1). Suppose 2*z = 15 - x. What is the units digit of z?
7
Let r = 70 - 32. Let w = 66 - r. What is the tens digit of w?
2
Suppose 50 = 2*k - 42. Let u = k - 13. What is the tens digit of u?
3
Suppose -5*n = -3*y + 66, 2*n - 88 = -4*y + n. What is the tens digit of y?
2
Let l be (2 + -9)*9/(-3). Let h = -7 - -12. Suppose 0 = -4*w + 8, -4*z - h*w = -25 - l. What is the units digit of z?
9
Let w = 1 + 1. Suppose i + 8 = -w*a, -a - 9 = -5*i + 3*i. What is the units digit of (2*1)/(i/11)?
1
Let r(y) = 6*y - 4*y**2 - 2*y**2 + 7 - 2*y + y**3 + 3. What is the units digit of r(5)?
5
Suppose -2*k + 7*k - 750 = 5*o, 0 = 5*o + 25. What is the tens digit of k?
4
Let h = 1 + 5. Suppose -j = -h - 7. What is the units digit of j?
3
Let l(o) = -11*o + 6. Let i be l(-2). Let w = i + -9. What is the units digit of w?
9
What is the tens digit of (-6)/4*348/(-9)?
5
Let k = 114 + -94. What is the units digit of k?
0
Suppose w + 0 = 4*f + 8, 3*w = 5*f + 17. Let d be (-1 + -1)*f + 0. Suppose -d*g - 2*g - 2*y + 44 = 0, g + 3 = 3*y. What is the units digit of g?
9
Suppose 0 = -15*j + 3219 - 564. What is the units digit of j?
7
Let s(l) = -l**3 - 6*l**2 - 2*l + 10. Let d be s(-7). Let a = d - 43. What is the tens digit of a?
3
Let a be 1/(12/16 + -1). What is the units digit of 0 + (-4 - -1) - a?
1
Let g = -2 + 0. Let i(f) = -4*f - 3. Let r be i(g). Suppose -j + 43 = r*d + 2*j, 4 = 4*j. What is the units digit of d?
8
Suppose h + 962 = 4*r - 240, -h = 5*r - 1507. What is the hundreds digit of r?
3
What is the tens digit of 208/(-10)*((1 - 12) + 1)?
0
Let x be ((1 - -1) + -3)*-24. Let i = 52 - x. What is the tens digit of i?
2
Suppose -4*i - 111 + 531 = 0. What is the units digit of i?
5